{"id":2,"date":"2016-05-10T03:48:21","date_gmt":"2016-05-10T03:48:21","guid":{"rendered":"http:\/\/kalil-haji.students-laplateforme.io\/?page_id=2"},"modified":"2022-01-29T00:31:14","modified_gmt":"2022-01-29T00:31:14","slug":"sample-page","status":"publish","type":"page","link":"https:\/\/kalil-haji.students-laplateforme.io\/?page_id=2","title":{"rendered":"Pr\u00e9sentation de notre Entreprise"},"content":{"rendered":"<p>Nous sommes une Entreprise qui reconditionne des cartes graphiques de toutes marques (Nvidia, AMD), et qui les revendons en ligne \u00e0 des pris beaucoup plus attrayant que des Cartes graphiques sortie d\u2019usine et \u00e0 des prix bien plus abordable.<\/p>\n<p>L\u2019histoire de notre entreprise :<\/p>\n<blockquote><p>La soci\u00e9t\u00e9 E-CG a \u00e9t\u00e9 cr\u00e9\u00e9e en 2020, et n\u2019a cess\u00e9 de proposer au public des Cartes graphiques reconditionn\u00e9s de qualit\u00e9 depuis lors. Situ\u00e9e \u00e0 Marseille, Sait-Louis 13015 emploie une dizaine de personnes, et reconditionne toutes sortes de Carte Graphique supers pour la communaut\u00e9 internet.<\/p><\/blockquote>\n","protected":false},"excerpt":{"rendered":"<p>Nous sommes une Entreprise qui reconditionne des cartes graphiques de toutes marques (Nvidia, AMD), et qui les revendons en ligne \u00e0 des pris beaucoup plus attrayant que des Cartes graphiques sortie d\u2019usine et \u00e0 des prix bien plus abordable. L\u2019histoire de notre entreprise : La soci\u00e9t\u00e9 E-CG a \u00e9t\u00e9 cr\u00e9\u00e9e en 2020, et n\u2019a cess\u00e9 [&hellip;]<\/p>\n","protected":false},"author":1,"featured_media":0,"parent":0,"menu_order":0,"comment_status":"closed","ping_status":"open","template":"","meta":[],"_links":{"self":[{"href":"https:\/\/kalil-haji.students-laplateforme.io\/index.php?rest_route=\/wp\/v2\/pages\/2"}],"collection":[{"href":"https:\/\/kalil-haji.students-laplateforme.io\/index.php?rest_route=\/wp\/v2\/pages"}],"about":[{"href":"https:\/\/kalil-haji.students-laplateforme.io\/index.php?rest_route=\/wp\/v2\/types\/page"}],"author":[{"embeddable":true,"href":"https:\/\/kalil-haji.students-laplateforme.io\/index.php?rest_route=\/wp\/v2\/users\/1"}],"replies":[{"embeddable":true,"href":"https:\/\/kalil-haji.students-laplateforme.io\/index.php?rest_route=%2Fwp%2Fv2%2Fcomments&post=2"}],"version-history":[{"count":1,"href":"https:\/\/kalil-haji.students-laplateforme.io\/index.php?rest_route=\/wp\/v2\/pages\/2\/revisions"}],"predecessor-version":[{"id":20,"href":"https:\/\/kalil-haji.students-laplateforme.io\/index.php?rest_route=\/wp\/v2\/pages\/2\/revisions\/20"}],"wp:attachment":[{"href":"https:\/\/kalil-haji.students-laplateforme.io\/index.php?rest_route=%2Fwp%2Fv2%2Fmedia&parent=2"}],"curies":[{"name":"wp","href":"https:\/\/api.w.org\/{rel}","templated":true}]}}